 of b?
8
Let w(p) = p - 2. Let x be w(2). Suppose -y + 3*y - 18 = 0. Suppose x = -3*l - 0 + y. What is the units digit of l?
3
Let w(d) = d**3 - 5*d**2 + 2*d + 6. Let o be w(4). What is the hundreds digit of ((-22)/(-33))/(o/9) - -135?
1
Suppose -3*n = -24 - 15. Let m = n - 11. Suppose -38 = -3*a - 0*l + m*l, -2*l = -5*a + 70. What is the tens digit of a?
1
Suppose 263*m - 57175 = 238*m. What is the tens digit of m?
8
Suppose 0 = -12*u + 106 + 2. Suppose -u*m = 347 - 1580. What is the tens digit of m?
3
Let d(z) = 12*z**3 - 3*z**2 + 12*z + 2. What is the tens digit of d(4)?
7
Suppose 4*j - 52 = 60. Let s be (1*6)/((-8)/j). Let g = s + 45. What is the tens digit of g?
2
Let s = -3734 - -6582. What is the tens digit of s?
4
What is the hundreds digit of -2 + (-7)/(56/(-8920))?
1
What is the tens digit of 10*1/7*8323/58?
0
Suppose -4*h - 2*k = -3332, 3*k - 2194 = -4*h + 1138. What is the units digit of h?
3
Let t = 757 + 811. What is the thousands digit of t?
1
Suppose -3*o = 2*i - 35, -2*i = -7*i - 25. Suppose -3*s + o = -6. What is the units digit of s?
7
Suppose 3*n = 4*l - 24, -3*l + 2*n - 6*n - 7 = 0. Suppose -7*p + 3*p + 696 = -l*d, 151 = p + 5*d. What is the units digit of p?
1
Let b(n) = 9*n - 5. Let p(u) = 2*u**2 + 17*u - 14. Let j be p(-10). Let m = -12 + j. What is the units digit of b(m)?
1
Let p(c) = 1077*c - 316. What is the thousands digit of p(3)?
2
Suppose 24*d - 26*d + 60 = 5*u, 5*d - 2*u - 121 = 0. What is the tens digit of d?
2
Suppose -2*y + 134*h = 136*h - 11610, -5*y - 2*h + 29016 = 0. What is the tens digit of y?
0
Let z = 3618 + -843. What is the units digit of z?
5
Let p(a) be the third derivative of a**5/30 + a**4/4 - 11*a**3/6 + 13*a**2. What is the units digit of p(5)?
9
Suppose 8 = -11*b + 9*b. Let h be b/30 - (-62)/15. Suppose 0 = -t + 20 - h. What is the units digit of t?
6
Let j(f) = -f**2 + 8*f - 10. Let t be j(5). Suppose -3*r = t*i - 81, -4*r + 41 = -4*i + 125. What is the units digit of i?
8
Let b = 1598 + -240. What is the units digit of b?
8
Let s be 6/3 - (8 - 0). Let g(p) = 30*p**2 + p**3 + 3 + 28*p**2 - 52*p**2 - p. What is the units digit of g(s)?
9
Let j(x) = -8*x + 14. Let r(w) = -5*w**2 - 5*w. Let c be r(-2). What is the units digit of j(c)?
4
Let u(f) = -26*f + 295. What is the hundreds digit of u(-22)?
8
Suppose -3*s = -3*r - 132, 3*s + 2*s + 5*r = 180. What is the units digit of s?
0
Let o = 90 - 60. Suppose o = r - 4*q, 0 = -2*r + 2*q - 4*q + 50. Suppose -315 = -5*y - 3*l, 2*y + 3*l - r - 100 = 0. What is the units digit of y?
3
Let v(z) = 132*z**2 - 13*z + 29. What is the hundreds digit of v(2)?
5
What is the tens digit of (-6*(-12)/(-40))/((-45)/25050)?
0
Suppose 0 = 26*z + 18870 - 51370. What is the tens digit of z?
5
Let z(j) be the first derivative of j**2/2 + j + 6. Let l = -10 - -16. What is the units digit of z(l)?
7
Let q(g) = 24*g - 6. Let h(a) = 8*a - 2. Let u(x) = -10*h(x) + 3*q(x). Let n be u(-3). Suppose 5*m - n = 19. What is the units digit of m?
9
Let a be (3/(-6))/((-1)/(-2)). Let q be a*(-4)/((-12)/(-69)). Suppose -3*f = -q - 28. What is the tens digit of f?
1
Let w(c) = c**3 + 12*c**2 + 12*c + 5. Let i(k) = -k - 9. Let m be i(0). Let n be w(m). Suppose 0 = -r - 4*r + n. What is the tens digit of r?
2
Suppose -7*c = -c. Let k be c - (-2 + 2)/(-2). Suppose 0*n - 2*n + 30 = k. What is the tens digit of n?
1
Let s = -40 + 44. Suppose -20 = 5*d + 40. What is the units digit of s/d + 58/3?
9
Suppose 81*z + 4484 = 85*z. Suppose -12*s + 2981 = z. What is the hundreds digit of s?
1
Let i = 2199 - -3926. What is the units digit of i?
5
Suppose 0 = 4*a + 2*s - s - 2309, -4*s = 2*a - 1172. What is the units digit of a?
6
Suppose 0 = d - 6*d - 15. Let u be d/2*4/(-6). Let c = u - -60. What is the tens digit of c?
6
Let o(k) = -k**3 + 12*k**2 + 13*k + 3. Let p be o(13). Let y(q) = -13*q**2 + q**p + 3*q + 0*q**3 + 1 + 21*q**2. What is the units digit of y(-7)?
9
Suppose -2*o + v + 79 = 0, -4*o - 3*v = -0*o - 183. Suppose -81 = -3*r + o. Suppose 4*k = -2*c + r + 7, -5*c = -4*k - 64. What is the tens digit of c?
1
Let j = -6 + 9. Suppose 42 = -j*c - 18. Let p = -16 - c. What is the units digit of p?
4
Suppose 2*p - 4*p - 6 = -5*u, -4*u + 15 = -5*p. Suppose -5*d + 5*g + 850 = 0, u = 2*d + 3*d - g - 858. What is the tens digit of d?
7
Let b be 2/(-9) - 104/18. Let z be (4 + (b - -3))*-35. Let m = -6 - z. What is the tens digit of m?
2
Suppose -26*t + 19*t + 21 = 0. Suppose -2*u - 2*s = -5*u + 868, 5*u = t*s + 1446. What is the tens digit of u?
8
Suppose 24317 = 14*x + 5739. What is the thousands digit of x?
1
Let s = 7 - 5. What is the units digit of (4 - 9)*(-3 + s)?
5
Let k(m) = 66*m. Let r(g) = -2*g + 28. Let n be r(9). Suppose -5*t = 5 - n. What is the tens digit of k(t)?
6
Let j be 16/6 + 2 + 18/(-27). Suppose -365 = -5*r - j*p, 2*r - 56 = 2*p + 72. What is the units digit of r?
9
Let r(x) = -x**3 + 33*x**2 + 42*x - 52. What is the tens digit of r(31)?
7
Let x(i) = i**2 + 14*i - 22. Let m(j) = -j**2 - 15*j + 21. Let r(o) = 4*m(o) + 3*x(o). What is the units digit of r(-10)?
8
Suppose 431 = -11*d + 2719. What is the units digit of d?
8
Suppose f + 7*g = 10*g + 972, 0 = 3*f - 5*g - 2924. What is the tens digit of f?
7
Let y = 17 - 14. Suppose y*l - 8 = -5*v - 42, -l + v = 14. What is the units digit of (-16)/(-1) + 39/l?
3
Let q(g) = g**3 + 12*g**2 - g - 15. Let h be q(-12). Let k(p) = -55*p - 9. What is the tens digit of k(h)?
5
Let g(m) = -m**2 - m + 89. Let p be g(0). Let c = 187 - p. What is the units digit of c?
8
What is the units digit of ((-438)/1)/((-399)/532)?
4
Let a = -186 + 274. Let s = 137 - a. What is the units digit of s?
9
Let u(i) = -10*i**3 - 20*i**3 + 1 - 2*i**2 + 0*i + 0*i. Let o(v) = v**2 - 5*v + 5. Let d be o(3). What is the tens digit of u(d)?
2
Suppose g - 3*j = -6*j + 174, 5*g - 930 = -3*j. What is the hundreds digit of g?
1
Suppose -3*v + 3*r - 8*r = 645, 4*r + 860 = -4*v. Let w = v - -363. What is the hundreds digit of w?
1
Let z = -4303 - -6663. What is the tens digit of z?
6
Let y be (2 - 2) + -2 + 3. Let t be ((-4)/6)/(y/(-3)). Suppose t*u + 3*c = 8, -3*c + 4 = -2. What is the units digit of u?
1
Let j = -163 + 402. Let v = -171 + j. What is the units digit of v?
8
Let m be 4/2 + -1 + 3. Suppose 4*k + 2*q + q = 479, 5*k = m*q + 591. What is the hundreds digit of k?
1
Suppose 5*q - q - 150 = -3*k, 0 = 5*q - 3*k - 174. Let w = -25 + q. What is the units digit of w?
1
What is the units digit of -6*(-8)/(-12) + (600 - -18)?
4
Suppose 151 + 41 = 6*i. Suppose -4*c + i = m - 0*c, -m - 8 = -4*c. What is the units digit of m?
2
Suppose -3*b - 2*b = 0. Suppose b = -2*g + 4*u + 24, 4*g + 0*g = -3*u + 26. What is the units digit of (2/4)/(g/976)?
1
Let v(y) = 171*y**2 + y - 67. What is the units digit of v(6)?
5
Suppose -2*r = 2*r + 108. Let m = r - -72. What is the tens digit of m?
4
Let g = 25 - 82. Let c = 26 - g. What is the tens digit of c?
8
Let c = -45 - -47. Suppose 3*t - 83 = 2*t - n, -5*n - 187 = -c*t. What is the tens digit of t?
8
Let s = 286 - 240. Suppose -2*y - 2*y + 3*l + 89 = 0, -y - 3*l = -41. Suppose -3*a + y = -s. What is the units digit of a?
4
Let i(b) = -b**2 - 8*b + 5. Let s be i(5). What is the units digit of 3282/21 - (2 + s/35)?
6
Suppose -47 = -6*g - 5. Suppose 6 = 2*r, -2*r - g = -2*w + 213. What is the hundreds digit of w?
1
Let v(a) = a**3 - 3*a**2 + 2*a. Let x be v(2). Let s be 10/5 - x/2. Let p = 33 - s. What is the tens digit of p?
3
Suppose 2*k + 5226 = 4*w, 6*w + k = 3*w + 3912. What is the units digit of (-6)/42 - w/(-21)?
2
Let d(y) = y**2 - 6*y + 5. Let n(z) = z - 5. Let o be n(7). Suppose 5*r - 27 = 4*t, -o*r + 3*t + t + 6 = 0. What is the tens digit of d(r)?
1
Let a(n) = 6*n**2 + n - 2. Suppose -5*u = -8*u + 6. Suppose -3*k + 6*k + 8 = -4*s, -u*k = 0. What is the units digit of a(s)?
0
Suppose 93 - 13 = 20*z. Suppose z*f = 4, -7*c = -3*c + 5*f - 297. What is the units digit of c?
3
Suppose 3*p = 2*b - 26, -5*b - 33 + 83 = -5*p. Let l(x) = -x**3 - 7*x**2 - 7*x + 2. Let c be l(p). Suppose -50 + c = -2*r. What is the tens digit of r?
2
Let n = 3100 + -797. What is the units digit of n?
3
Suppose -2*l + 4 + 434 = 0. What is the tens digit of l?
1
Let g(r) = -r**2 - 5*r - 10. Let u be g(-13). What is the units digit of ((-1)/(-2))/((-1